 - 88 = -4*i. Does 10 divide i?
False
Let a(x) = 2*x**2 - 3*x + 1. Let c be (-2)/6 + 57/9. Let y be -2 + c*2/2. Is a(y) a multiple of 14?
False
Let b = -8 - -56. Let l = 73 - b. Is 8 a factor of l?
False
Let d = -75 - -113. Does 8 divide d?
False
Suppose 4*x + 2*y + 2*y = -8, 0 = -x - 2*y - 6. Suppose 2 = m - x. Suppose 4*k + 72 = 2*d, d - 4*k - 38 - m = 0. Is d a multiple of 12?
False
Suppose -4*c + 140 + 28 = -4*l, 0 = 4*c + 3*l - 147. Does 13 divide c?
True
Suppose -a + 184 = 3*s, -4*a + 524 = -a - 5*s. Suppose 4*q - 3*j = a, j + 3 = 1. Does 17 divide q?
False
Is (-12)/(-8)*-5*-6 a multiple of 11?
False
Let h be 1 + 6 - (-5 + 7). Suppose 0 = -h*c - 99 + 259. Is 15 a factor of c?
False
Let p = -50 + 95. Is p a multiple of 15?
True
Let g = -6 - -18. Is g a multiple of 6?
True
Let p(s) = -s**3 - 3*s**2 + 9*s + 6. Is 13 a factor of p(-6)?
False
Let d = 84 - 64. Is d a multiple of 4?
True
Let k = -19 + -32. Let h = k - -101. Is h a multiple of 10?
True
Let v be (-2)/(-3) - (-192)/9. Let l = v + -15. Does 6 divide l?
False
Let u(o) = 3*o - 12. Suppose 8*v - 4*v = 36. Is u(v) a multiple of 5?
True
Let o(v) = 6*v**2 + v - 4. Is o(3) a multiple of 12?
False
Let l be (-6)/27 + (-92)/(-9). Suppose -a + l = a. Is 2 a factor of a?
False
Let i(y) = -2*y + 126. Does 18 divide i(0)?
True
Suppose 0*y - 3*o - 30 = -5*y, 0 = 2*y + o - 23. Let j = y - 6. Is 20 a factor of (24 - 4) + -2 + j?
False
Suppose 0*f + 16 = 2*f. Suppose -3*j = r - f, -j - 5 - 14 = -4*r. Does 9 divide (j - 19)/(-3 + 2)?
True
Suppose 2*i - 30 = -3*d, 0 = -2*d + 6*i - 2*i + 36. Does 20 divide 164/3 + (-8)/d?
False
Suppose 3*n - 2*a + 156 = 6*n, -261 = -5*n - 3*a. Is 12 a factor of n?
False
Suppose 0 = 2*q - z + 2*z - 30, 10 = -5*z. Suppose 4*x - q - 4 = 0. Is 2 a factor of x/(-10) + 22/4?
False
Let z = -4 + 2. Let r = 23 + z. Does 14 divide r?
False
Let c(h) = h**2 + 2. Let n be c(-5). Let t = n - 19. Suppose -2*y - 4*r + 0 = t, -r + 16 = 5*y. Does 4 divide y?
True
Let y be (0 - -3) + -28*1. Let m = y - -67. Does 14 divide m?
True
Let y(n) = n**3 + 16*n**2 + 11*n - 14. Is y(-15) a multiple of 22?
False
Let i = -12 + 18. Suppose 5*l - 59 = -4*k, 5*l - 3 = 4*k - 32. Does 3 divide (-4)/i - k/(-3)?
True
Let a = -18 + 22. Is a a multiple of 4?
True
Let s = -10 - -15. Let h be 1 + (-3 + s)*1. Suppose -3*j + 94 = -g - 2, h*j + 3*g - 96 = 0. Is j a multiple of 16?
True
Let f be -15*4/(-6) + -1. Let g(r) = -r**3 + 8*r**2 + 12*r + 7. Is g(f) a multiple of 17?
True
Let d(b) = 2*b + 10. Let f be d(-9). Let v be 2*2*14/f. Let c = v - -10. Is 2 a factor of c?
False
Let z(n) = -3*n + 8. Let d be z(14). Let h = d - -70. Is h a multiple of 18?
True
Let d = 176 + -153. Is d a multiple of 7?
False
Suppose 3 = 4*l + 3*m, 0 = 3*l - 2*l - m + 1. Let b be l - (1 + -2 + -1). Suppose -3*c = -5*s - 15, 7 = c + b*s + 2. Is c a multiple of 5?
True
Suppose 0 = -n + 5*m - 9, 3*m = -5*n - 2*m + 15. Does 10 divide ((-3)/(-6))/(n/34)?
False
Let u(d) be the second derivative of d**4/3 + d**3/2 - 5*d**2/2 + 7*d. Is u(-4) a multiple of 11?
False
Let v be (-1)/(-4) - 37/4. Let b(p) = -p**2 - 9*p + 3. Let j be b(v). Suppose 5*w - 46 = -0*z - 2*z, j*w = -12. Is z a multiple of 12?
False
Let r be (67/4)/(1/12). Let z = r + -115. Is z a multiple of 36?
False
Suppose -r + 3*g + 19 = 0, 0 = -2*r - 2*r + 3*g + 49. Suppose -2*i - r = -7*i. Suppose -i*w - j = w - 32, w - 8 = j. Is w a multiple of 10?
True
Let p(q) = q + 9. Is p(-4) a multiple of 5?
True
Let t(d) = -d**3 - 4*d**2 - 4*d - 9. Is 7 a factor of t(-5)?
False
Let d = 153 + -108. Is 19 a factor of d?
False
Is 18*((-18)/(-4))/3 a multiple of 9?
True
Let l = -1 + 5. Suppose -l*m = -2*m - 4. Let s = 6 - m. Is 2 a factor of s?
True
Suppose -4*j + 2*j - 2*p + 4 = 0, -5*j + 14 = 3*p. Let s be 1/(((-7)/6)/7). Is 6 a factor of s*(j/2)/(-2)?
True
Let n = 39 + 26. Does 13 divide n?
True
Suppose -3*o = 6*w - 2*w - 8, -3*o + 2*w = -32. Suppose n = 2*n - 6. Let u = o + n. Is 7 a factor of u?
True
Suppose -98 = -3*j + j. Suppose -10 = 3*u - j. Does 8 divide u?
False
Let p = 10 + -14. Let n = -4 - p. Suppose n*g = 4*g + 3*m - 64, -m = -4. Does 13 divide g?
True
Suppose 2*n - 378 = -4*i - 0*i, 3*i - 271 = n. Suppose 2*p = 2*w + i, -w + 0*w - 196 = -4*p. Is p a multiple of 8?
False
Let d(f) = f + 3. Let s be d(-5). Is 3 a factor of (-6)/2 - (-15 - s)?
False
Suppose 180 = -0*a + 3*a. Does 20 divide a?
True
Let q(t) = 30*t**2 - 3*t + 2. Let y be q(-4). Does 21 divide (-8)/(-12) - y/(-6)?
False
Let f be (9/15)/(3/15). Suppose -218 - 304 = -f*u. Is (u/4)/((-3)/(-4)) a multiple of 25?
False
Suppose 5*w - 5*a = 3*w + 26, 4*w + 5*a = 82. Suppose -5*p + w = d, 4*p = -3*d + 9 + 1. Suppose -6*i = -i + p*y - 109, 4*i = -2*y + 86. Is i a multiple of 8?
False
Suppose 0 = 4*c + 2*h + 10, 0*h = 3*c - 5*h - 12. Is (-4 - c) + (27 - 3) a multiple of 7?
True
Let y = -6 + 1. Let b(o) = 4*o**2 + 6*o + 2. Does 18 divide b(y)?
True
Suppose -4*y + 3*h + 29 - 2 = 0, 4*h = -y + 21. Suppose y*l - 4*l - 275 = 0. Does 24 divide l?
False
Let g be (-3)/6 - (-36)/8. Suppose 0 = -u + g*u - 90. Does 9 divide u?
False
Let z(s) = -s - 4. Let k be z(-6). Let f(u) be the second derivative of 2*u**3 + u**2 - u. Is 15 a factor of f(k)?
False
Suppose 0 = 13*r - 2933 - 837. Does 40 divide r?
False
Let b(i) = 2*i**3 + 25*i**2 - 24*i + 30. Let m = 8 + -15. Let k(p) = 3*p**3 + 37*p**2 - 36*p + 45. Let g(u) = m*b(u) + 5*k(u). Does 13 divide g(-11)?
True
Let q(p) = -2*p**2. Let y be q(-1). Let r be 0/(-1) + 0/y. Suppose -3*g - 2*g + 32 = 4*c, r = g - 2*c + 2. Does 2 divide g?
True
Suppose a + 5*r = 43, -2*r = -0*a - 5*a + 215. Is 17 a factor of a?
False
Suppose 4 = -s - 3. Let j = 13 + s. Is j a multiple of 6?
True
Suppose 3 + 4 = s - 3*l, 0 = 4*l + 4. Let a be (-7 + 9)*(-75)/6. Does 5 divide (-55)/a*(s - -1)?
False
Suppose -2*y - 2*y = u + 7, 3*u = 3*y + 24. Let n = 106 + -104. Suppose -t - 5*s + u = -6*t, 0 = 4*t - 2*s - n. Is t a multiple of 2?
True
Let j(b) = -3*b + 1. Let v be j(-1). Suppose -a - v*a = 3*g - 25, a = 4*g - 18. Suppose -21 = a*s - 101. Is 15 a factor of s?
False
Suppose -2*g - 12 = 4. Let w(b) be the second derivative of b**5/20 + 7*b**4/12 - 3*b**3/2 + 2*b. Does 8 divide w(g)?
True
Let b be 2/2 + 36/(-3). Let j = b - -63. Let z = 95 - j. Is z a multiple of 16?
False
Let h(c) = 4*c. Is 12 a factor of h(4)?
False
Is 4 a factor of -3 - (-37)/2 - 2/4?
False
Let f = 108 + -29. Suppose 4 - f = -5*d. Is d a multiple of 9?
False
Let o = -37 + 20. Is 8 a factor of (o/4)/(8/(-32))?
False
Suppose -7*k = -3*k - 196. Is k a multiple of 13?
False
Does 7 divide 10/(-45) - 1900/(-45)?
True
Let m be 1/(18/(-21) + 1). Suppose d + 5*a = 42, -4*d + 9*d - 4*a = 65. Let t = d + m. Is t a multiple of 12?
True
Let w(y) = -38*y + 17. Is 13 a factor of w(-4)?
True
Let d = 8 - 8. Suppose 4*p - 1 - 7 = d. Does 17 divide (-204)/(-8)*p/3?
True
Is 44 - (0 - 12/(-4)) a multiple of 6?
False
Suppose -3*o - 4 = -10, -l - 2*o - 13 = 0. Suppose -2*p - 125 = 3*y, 0 = -0*p + p + 5*y + 73. Let n = l - p. Is 14 a factor of n?
False
Suppose -5*v - 6*q + 800 = -q, q - 649 = -4*v. Does 14 divide v?
False
Let j(c) = -2*c**2 - 17*c + 3. Is j(-7) a multiple of 7?
False
Suppose -15 = -5*d, 0 = -v + 4*d - 1. Is v a multiple of 11?
True
Let u(z) = z**3 - 8*z**2 + 3*z + 6. Let h(y) = -y**3 - 9*y**2 - 8*y + 8. Let m be h(-8). Does 10 divide u(m)?
True
Suppose -2*s - 5*n = -6, 4*n - 25 = -3*s - 9. Is s a multiple of 2?
True
Is 27 a factor of (-57 - -54)*-9*1*7?
True
Suppose -5*p + r = -r - 1235, 0 = -5*r. Suppose 3*z = -4*l - 2*z + 334, -2*z = 3*l - p. Suppose 2*o - l = -3*n, -4*o - o - n = -209. Is o a multiple of 14?
True
Let d(y) = -32*y - 8. Let p(s) = -1. Let t(k) = d(k) - 8*p(k). Is t(-1) a multiple of 10?
False
Let b(o) be the third derivative of 0*o + 1/3*o**4 + o**2 + 1/120*o**6 - 3/20*o**5 + 11/6*o**3 + 0. Is 7 a factor of b(8)?
False
Let k = 14 + -23. Let f(a) be the third derivative of -a**6/120 - a**5/6 - 5*a**4/12 + 7*a**3/6 - 3*a**2. Is f(k) a multiple of 8?
True
Let y = -11 - -13. Suppose 4*m - 104 = -3*f, m = 3*f + y*f + 26. Does 13 divide m?
True
Let k(w) = 31*w - 23. Is 13 a factor of k(15)?
True
Let n be 2 + (-6)/3 + 50. Suppose n = 3*g + 2*g. Does 6 divide g?
False
Let z = 370 + -190. Is z a multiple of 34?
False
Suppose 6 = p + 3*r, -2*p + 0*